{"id":172,"date":"2016-10-02T16:39:42","date_gmt":"2016-10-02T16:39:42","guid":{"rendered":"http:\/\/nadinefotografie.com\/?page_id=172"},"modified":"2025-02-21T14:36:18","modified_gmt":"2025-02-21T14:36:18","slug":"preise","status":"publish","type":"page","link":"https:\/\/nadinefotografie.com\/?page_id=172","title":{"rendered":"Leistungen"},"content":{"rendered":"<p><span style=\"font-size: 18pt\">Warum ihr mich als Hochzeitsfotografin buchen solltet<\/span><\/p>\n<ul style=\"list-style-type: disc\">\n<li><span style=\"font-size: 14pt\">Hohe Kundenzufriedenheit (<\/span><span style=\"font-size: 14pt\"><a style=\"color: #333399\" href=\"https:\/\/www.google.de\/maps\/place\/nadinefotografie+by+Nadine+Molnar\/@50.3820546,8.1217674,9z\/data=!4m12!1m2!2m1!1snadinefotografie!3m8!1s0x8db31a443132beeb:0x2e75367ffa1c1b7c!8m2!3d50.366224!4d8.96089!9m1!1b1!15sChFuYWRpbmUgZm90b2dyYWZpZVoTIhFuYWRpbmUgZm90b2dyYWZpZZIBDHBob3RvZ3JhcGhlcpoBJENoZERTVWhOTUc5blMwVkpRMEZuU1VOb00wazNUbXRuUlJBQuABAPoBBAh4EDk!16s%2Fg%2F11k9jgfxnb?entry=ttu&#038;g_ep=EgoyMDI1MDIxMi4wIKXMDSoJLDEwMjExNDU1SAFQAw%3D%3D\">siehe 5-Sterne Bewertungen bei google)<\/a><\/span><\/li>\n<li><span style=\"font-size: 14pt\">Professionelle Ausr\u00fcstung<\/span><\/li>\n<li><span style=\"font-size: 14pt\">Anpassbare Angebote<\/span><\/li>\n<li><span style=\"font-size: 14pt\">Langj\u00e4hrige Erfahrung<\/span><\/li>\n<li><span style=\"font-size: 14pt\">Spa\u00df mit Menschen zusammen zu arbeiten<\/span><\/li>\n<\/ul>\n<p><span style=\"\">Zu jedem Hochzeitsshooting geh\u00f6rt:<\/span><\/p>\n<ul>\n<li><span style=\"\">ein Kennenlerngespr\u00e4ch (telefonisch oder pers\u00f6nlich)<\/span><\/li>\n<li><span style=\"\">Besichtigung der Location<\/span><\/li>\n<li><span style=\"\">Fotoshooting nach vorheriger Absprache des zeitlichen&nbsp;Rahmes<\/span><\/li>\n<li><span style=\"\">Bereitstellung der Bilder \u00fcber einen privaten Server zum Herunterladen<\/span><\/li>\n<li><span style=\"\">Nachbearbeitung der Bilder (Umfang entsprechend der getroffenen Vereinbarung)<\/span><\/li>\n<li><span style=\"\">die bearbeiteten Fotos werden in Originalgr\u00f6\u00dfe ohne Logo zur freien Verf\u00fcgung gestellt<\/span><\/li>\n<li><span style=\"\">Fahrkosten ab Ranstadt bis zu 25 km inkl.; danach 30 Cent pro gefahrenen km<\/span><\/li>\n<\/ul>\n<p><span style=\"font-size: 14pt\"><a style=\"color: #333399\" href=\"https:\/\/nadinefotografie.com\/wp-content\/uploads\/2025\/02\/2025_Leistungen-Hochzeit-mit-Preisen-1.pdf\">Hochzeitspakete im \u00dcberblick mit Preisen<\/a><\/span><\/p>\n<p>Der Stundenlohn ist bei allen Paketen gleich \u2013 so kannst du dir leicht errechnen, was ihr am Ende zahlt. Eine Stunde vor Ort bedeutet etwa eine Stunde Nachbearbeitung oder oft sogar mehr. In jedem Paket sind <strong>alle bearbeiteten Bilder<\/strong> enthalten.<\/p>\n","protected":false},"excerpt":{"rendered":"<p>Warum ihr mich als Hochzeitsfotografin buchen solltet Hohe Kundenzufriedenheit (siehe 5-Sterne Bewertungen bei google) Professionelle Ausr\u00fcstung Anpassbare Angebote Langj\u00e4hrige Erfahrung Spa\u00df mit Menschen zusammen zu &hellip; <\/p>\n","protected":false},"author":1,"featured_media":0,"parent":0,"menu_order":0,"comment_status":"closed","ping_status":"closed","template":"","meta":{"two_page_speed":[],"footnotes":""},"class_list":["post-172","page","type-page","status-publish","hentry"],"_links":{"self":[{"href":"https:\/\/nadinefotografie.com\/index.php?rest_route=\/wp\/v2\/pages\/172","targetHints":{"allow":["GET"]}}],"collection":[{"href":"https:\/\/nadinefotografie.com\/index.php?rest_route=\/wp\/v2\/pages"}],"about":[{"href":"https:\/\/nadinefotografie.com\/index.php?rest_route=\/wp\/v2\/types\/page"}],"author":[{"embeddable":true,"href":"https:\/\/nadinefotografie.com\/index.php?rest_route=\/wp\/v2\/users\/1"}],"replies":[{"embeddable":true,"href":"https:\/\/nadinefotografie.com\/index.php?rest_route=%2Fwp%2Fv2%2Fcomments&post=172"}],"version-history":[{"count":50,"href":"https:\/\/nadinefotografie.com\/index.php?rest_route=\/wp\/v2\/pages\/172\/revisions"}],"predecessor-version":[{"id":10188,"href":"https:\/\/nadinefotografie.com\/index.php?rest_route=\/wp\/v2\/pages\/172\/revisions\/10188"}],"wp:attachment":[{"href":"https:\/\/nadinefotografie.com\/index.php?rest_route=%2Fwp%2Fv2%2Fmedia&parent=172"}],"curies":[{"name":"wp","href":"https:\/\/api.w.org\/{rel}","templated":true}]}}